. Let j(b) = 5 - 86*b**2 + 6*b + 87*b**2 + p*b. Give j(-6).
-7
Let p(b) = b**2 - 2*b - 7. Let i be p(5). Suppose -4*o - 7 = -h - 3, i = -4*o + 2*h. Suppose o = 5*k - 4*k - 6. Let v(c) = c - 3. Give v(k).
3
Let s(j) = -2*j**2 + 28*j - 96. Let l be s(7). Let u(a) be the third derivative of 1/6*a**3 + 0*a - 9*a**l + 1/24*a**4 + 0. Give u(1).
2
Let w(r) = 7*r + 305 - 2*r - 302. Determine w(-2).
-7
Suppose 0 = -0*k + 2*k - 14. Suppose -a - k = -1. Let u(h) = 3*h**3 + 5*h**2 + 8*h. Let q(r) = 7*r**3 + 9*r**2 + 16*r. Let v(o) = -2*q(o) + 5*u(o). Give v(a).
-12
Let a(j) = 9*j - 4. Let k be 228/44 + (-28)/154. Determine a(k).
41
Suppose x + 6 = -2*x. Let o = x + 7. Suppose o*u - q - 4 - 14 = 0, -3*u + 6 = q. Let p(h) = -h**2 - h + 4. Give p(u).
-8
Let y(c) = -c**2 + 2*c + 1. Let z(j) = j**3 - 6*j**2 + 4*j + 2. Let x be z(4). Let t = 17 + x. Suppose 0*g + 6 = t*g. Calculate y(g).
1
Let v(z) = -z**3 - 7*z**2 + z - 4. Let o be (-99)/18 + (-2)/4. Determine v(o).
-46
Let y(n) = -3*n + 15. Let v be y(4). Let k(s) be the first derivative of -s + v - 1/4*s**4 + s**3 - 1/2*s**2. What is k(2)?
1
Let g(q) = -q**3 - 4*q**2 - 2*q - 1. Suppose 2*y - 5*h = 14, -10*h + 8*h = 3*y + 17. Determine g(y).
-4
Let m(j) = -2*j + 41. Suppose d - 20 = -c, 70 = -14*d + 19*d - 5*c. Calculate m(d).
7
Let z(j) = -7*j + 382 + 0*j**3 - 391 - 7*j**2 + j**3. Give z(8).
-1
Let f(b) = -4*b**2 + 9*b + 2. Let t(j) = -j**2 + j + 1. Let i(p) = f(p) - 5*t(p). Let o be (-20)/3 + 2/3. Give i(o).
9
Suppose 12*y + 309 = 261. Let x(m) = 8*m + 9. Give x(y).
-23
Let i be (-43)/(-15) - 2/(-15). Let s(n) = n - i + 0 + 5. What is s(0)?
2
Let g(x) = -x**2 - 10*x - 3. Let f be g(-10). Let n(q) be the third derivative of -q**5/60 - q**4/24 - q**3/2 + 2*q**2 - 91. What is n(f)?
-9
Let q(f) = 2*f**2 - 5*f - 2. Let z = 33 + 119. Let d = -155 + z. Calculate q(d).
31
Let m(s) = 20 - s**2 + 9*s - 10 - 5. Determine m(9).
5
Let z be (-2)/(-3) - 28/(-3). Let c(u) = -2*u**2 + 11*u + 2. Let v(y) = y**2 - y - 1. Let x(d) = c(d) + v(d). Calculate x(z).
1
Let h = -8 - -19. Suppose -5*n - 4 = h. Let f(t) = t**3 + t**2. Let o(s) = -2*s**3 - 2*s**2 - 5*s - 3. Let i(x) = 3*f(x) + o(x). Give i(n).
-6
Let s(m) = 0*m - 2*m + 2 + 4*m. Let y(h) = 2*h + 26. Let w(c) = 9*c + 129. Let t(u) = 2*w(u) - 11*y(u). Let r be t(-6). Calculate s(r).
-6
Let h(i) = i - 16. Suppose -10*x + 1011 = 161. Let n = x - 74. Determine h(n).
-5
Let x(b) = -b**3 + 6*b**2 - 5*b + 2. Let o be x(5). Let k = o - -3. Let z(a) = 6*a**2 - 7 - a**3 - 305*a + 1 + 301*a. What is z(k)?
-1
Let b(l) be the second derivative of l**5/2 - l**4/6 + l**2/2 - l. Let r be (-84)/(-7)*1/2. Suppose -10*n + r = -4. What is b(n)?
9
Let t(l) = l**3 - 52*l**2 - 226*l + 110. Let q be t(56). Let x(z) = 3*z**2 + 4*z - 1. Calculate x(q).
3
Let l be (-2)/(-6) - (-4)/(-12). Let f(j) be the first derivative of j**3/3 + 29*j - 3. What is f(l)?
29
Suppose -5*u - 2*v + 25 = v, 5*u + v = 35. Let q be (u/6)/((-7)/21). Let y(w) = 3*w**2 - w**3 + 2*w**3 - w + 5 - 2. Determine y(q).
-9
Let q = 88 - 71. Suppose 0 = -4*p + 4*x + 6 - 2, 3*x = 9. Suppose p*o - 11 = q. Let t(g) = g**2 - 7*g - 1. Give t(o).
-1
Let j(t) = -t**3 + 6*t**2 + 2*t + 7. Let q be j(6). Suppose -y = -3*r + q, 2*r - 45 = -3*r + 5*y. Let h(x) = -2*x + 7. Determine h(r).
-3
Let s = -4 + 4. Let z(b) = -3*b**2 + 4*b**2 + 3 + 3*b + s. Let l be 8/12 - (-8)/(-3). Determine z(l).
1
Let n(y) be the first derivative of 3*y**2/2 - 12*y - 673. Calculate n(4).
0
Let b = 883 - 888. Let m(w) = -w**2 - w + 14. Give m(b).
-6
Let h(z) = z**3 - z**2 - z + 1. Let d(v) = -v**3 + 9*v**2 + 3*v + 2. Let q(m) = -d(m) - 2*h(m). Let t be ((-4553)/(-1334) - 4/(-46))*-2. Calculate q(t).
3
Let u(l) = -l**2 - 4*l. Let s(m) = m**2 - 8*m + 3. Let p be s(5). Suppose b = 3*b - 3*t + 22, -2*t - 76 = 4*b. Let x = b - p. Give u(x).
-5
Let o(s) be the second derivative of -s**5/20 - s**4/6 + s**3/2 - s**2 + 54*s. Determine o(-3).
-2
Let a(f) = -2*f - 1. Suppose -7*v = v - 24. Give a(v).
-7
Let k(t) = -9*t**2 - 3*t - 2. Let d = -341 - -339. Give k(d).
-32
Let u(t) = 4*t**3 - 2*t**3 - 3*t + 3 - 2*t**2 + t**3 - 2*t**3 - 5*t**2. Calculate u(7).
-18
Let r(g) be the third derivative of g**6/120 - g**4/8 + g**3/3 - 14*g**2. Let u(f) = 2*f**3 - f**2 - 10*f + 6. Let k(a) = -7*r(a) + 2*u(a). Give k(-2).
12
Let k(v) = v**2 - 4*v - 3. Let r be k(5). Let m(b) be the second derivative of b**5/20 - b**4/12 - 2*b**3/3 + 3*b**2/2 + 34*b. What is m(r)?
-1
Suppose 2*i = 5*u + 29, -5*i + 46 = -4*u + 16. Let y(d) = -d**2 - 7*d - 5. What is y(u)?
5
Let y(f) = 3*f - 2*f + 7 - 2*f. Suppose -14*l + 119 = -8*l + 11*l. Calculate y(l).
0
Let j(r) = r**3 + 2*r**2 + r + 9. Let x be j(0). Let p(b) = -x*b + 3*b**2 - b + 13*b - 4*b**2 + 2. Calculate p(5).
-8
Let d(j) = 2*j**2 + 3*j - 4. Let p(t) = t**2 + 3*t - 4. Let s = 17 + -14. Let v = 5 + -9. Let k(c) = s*d(c) + v*p(c). Give k(3).
13
Let j(y) = y + 4. Let s be j(6). Let q(v) = 7*v**3 + 7*v**2 - v - 8. Let i(k) = -19*k**3 - 22*k**2 + 5*k + 23. Let x(r) = -4*i(r) - 11*q(r). Determine x(s).
6
Suppose 10 = -4*w + 22. Let v(g) = 3*g + 4*g**2 - 2*g**3 + 3*g**w - 5 - 8*g. Let r be v(-5). Let b(h) = -h**3 - 6*h**2 - 4*h - 4. What is b(r)?
-9
Let n(m) = -507*m**2 + 509*m**2 - m + m**3 - 269 + 278. What is n(0)?
9
Let a(r) = r**2 + 4*r + 1. Let y be (6/4)/((-3)/(-148)). Let n be 2*(y/(-4) + -1). Let w be 6/n - 189/39. Calculate a(w).
6
Let x(h) = -2*h**3 - h**2 + h. Let v(y) = 7*y**3 + y**2 - 6*y - 2. Let g(c) = -v(c) - 2*x(c). What is g(-1)?
2
Let i be ((-6)/(-10))/(53/(-530)). Let a(m) = -6*m**2 - m - 12. Let p(r) = r**2 - r + 1. Let b(q) = a(q) + 5*p(q). Give b(i).
-7
Suppose -g + 0 = 2*k - 5, -2*k - 1 = -g. Let x(b) = 2*b - 8. Let h be x(12). Let v(q) = -15*q - q**2 - 2 + h*q + 15*q**3 + 3 - 2. Calculate v(k).
14
Let b(a) be the third derivative of -a**6/720 + a**5/60 - 37*a**4/24 + 14*a**2. Let j(g) be the second derivative of b(g). Give j(5).
-3
Let h(l) = 19 + 2*l - 2*l - l + 6*l - 8*l. Calculate h(5).
4
Let v be 15/4 + (-4 - (-51)/12). Let w be (3 - v)/(2/14). Let x(r) = -r**3 - 6*r**2 + 6*r - 4. What is x(w)?
3
Suppose -73*r + 72*r = -5. Let g(l) = 3*l - 2*l - 7 + 0. Give g(r).
-2
Let p(g) = 9 + 8*g**2 + 7*g**2 + 13*g + 2 - 16*g**2. What is p(12)?
23
Let i(u) = 2*u + 4. Let k be (-3)/(-1) - 2/1. Let y(v) = -1. Let c(j) = k*i(j) + 2*y(j). Suppose 78*l + 434 - 122 = 0. Calculate c(l).
-6
Let w(o) be the first derivative of -20 + 55 + 0*o - 6*o**2 - 5*o + 8*o**2. Determine w(4).
11
Let o(b) = -2*b - 1. Let u be (172*(-3)/18)/(1/(-3)). Suppose 0 = h - 87 + u. What is o(h)?
-3
Let s(t) = -3*t**2 - t. Let u = 6 - 3. Suppose 3 = 3*v - u. Let x be (-4*1/1)/v. Determine s(x).
-10
Suppose 0*y = -4*y + 440. Suppose -4*h = -9*h + y. Let l(z) = z**3 - z. Let f(c) = 10*c**3 - 11*c. Let k(q) = h*l(q) - 2*f(q). Calculate k(-1).
-2
Let l(x) = x**2 - 7*x - 5. Let r be 1*(10 + (-4 - -3)). Suppose -2*i - 3*v = -3*i - r, 4*i - 49 = -5*v. Suppose i*b - 15 = 3*b. Calculate l(b).
-15
Let q(s) = s**3 + 4*s**2 - 4*s + 1. Let p be (5 - (10 + -2)) + 5. Let n(u) = -u**3 + 4*u**2 + u + 3. Let i be n(4). Let v = p - i. Calculate q(v).
-4
Let l(a) be the second derivative of -7/2*a**2 - 1/20*a**5 - 1/3*a**4 + 1/2*a**3 + 0 + 5*a. Suppose -5*q - 30 + 5 = 0. Give l(q).
3
Suppose 5*k - 9 = -3*u, -63*u = -2*k - 67*u + 12. Let w(y) = y**2 + y - 22. Give w(k).
-22
Let m(o) = -4*o**2 - 4*o - 1. Suppose 8*f - 1081 = -1105. Give m(f).
-25
Let v(y) = -9*y - 3. Suppose -66*c - 501 + 39 = 0. Calculate v(c).
60
Let f = -5 - -9. Let y(a) be the second derivative of -1/2*a**2 - 1/6*a**3 + 0 + 14*a - 1/20*a**5 + 1/3*a**4. What is y(f)?
-5
Let g = 26 - 11. Suppose -5*n = -4*z + 30, z + 2*z = g. Let y(t) be the first derivative of -2*t**3/3 - t**2 - 3*t - 6. What is y(n)?
-7
Let i(k) = -k**2 + 4. Let s be 5/(-2)*16/(-10). Suppose -2*b = s*y, -y + 5*b = -2*y - 18. Suppose 0 = y*h - 3*h. What is i(h)?
4
Let l(j) = -2*j + 14. Let k be l(8). Let x(g) = g**2 - 4*g. Let w be x(5). Let b(n) = 5 - 3 + 0 - 6*n - w. What is b(k)?
9
Let h(o) = 4*o + 2. Let i be ((-87)/145)/(1/(-5)). Suppose 24 = -2*r - 4*w, -2*r - i*r - 4*w = 30. Give h(r).
-6
Let x(f) = 4*f - 23. Suppose 5 = -3*m - 10, -2*b - 4 = 4*m. What is x(b)?
9
Let i(l) = -2*l**2 - l - 1. Let c(q) = q**3 - 4*q**2 + 5*q - 2. Let x be c(4). Let